s of 131088824?
2, 613, 26731
What are the prime factors of 286937406?
2, 3, 7, 107, 21283
List the prime factors of 2065937528.
2, 409, 631399
List the prime factors of 2815990422.
2, 3, 7, 29, 571, 4049
List the prime factors of 5729471121.
3, 11, 17, 191, 4861
What are the prime factors of 36061163?
36061163
What are the prime factors of 154955352?
2, 3, 29, 251, 887
What are the prime factors of 245784018?
2, 3, 40964003
What are the prime factors of 8701529484?
2, 3, 19, 38164603
List the prime factors of 15660447.
3, 11, 23, 47, 439
What are the prime factors of 10910698?
2, 31, 175979
List the prime factors of 225083110.
2, 5, 7, 3215473
What are the prime factors of 1315906851?
3, 7, 503, 124577
What are the prime factors of 169824307?
169824307
List the prime factors of 87325868.
2, 7, 241, 12941
List the prime factors of 988759491.
3, 17, 239, 81119
What are the prime factors of 3187339370?
2, 5, 353, 541, 1669
List the prime factors of 266220983.
7, 89, 331, 1291
List the prime factors of 34947801.
3, 7, 17, 73, 149
What are the prime factors of 949795529?
1061, 895189
List the prime factors of 331129306.
2, 89, 1860277
What are the prime factors of 1301264838?
2, 3, 1627, 4937
What are the prime factors of 64123648?
2, 463, 541
List the prime factors of 36821075.
5, 41, 35923
What are the prime factors of 3847589493?
3, 11, 116593621
What are the prime factors of 3438071684?
2, 29, 317, 93497
What are the prime factors of 1063456726?
2, 17, 31278139
List the prime factors of 49548966.
2, 3, 1103, 7487
List the prime factors of 194353510.
2, 5, 13, 463, 3229
List the prime factors of 104623302.
2, 3, 7, 2491031
List the prime factors of 41439474.
2, 3, 307, 7499
What are the prime factors of 31442634?
2, 3, 59, 71, 139
List the prime factors of 309106445.
5, 5573, 11093
List the prime factors of 293338612.
2, 7, 233, 44963
List the prime factors of 74443025.
5, 2977721
List the prime factors of 11275891.
11, 1025081
What are the prime factors of 5725689?
3, 23, 82981
List the prime factors of 226619849.
226619849
List the prime factors of 4057153430.
2, 5, 11, 127, 290419
List the prime factors of 349490692.
2, 17, 53, 96973
List the prime factors of 512718632.
2, 64089829
What are the prime factors of 4032213537?
3, 11, 122188289
List the prime factors of 61196674.
2, 7, 11, 173, 2297
List the prime factors of 59274478.
2, 17, 102551
List the prime factors of 25944479.
11, 89, 26501
What are the prime factors of 3581299071?
3, 7, 5107, 11131
List the prime factors of 2853125352.
2, 3, 7, 11, 37, 1987
What are the prime factors of 1867309842?
2, 3, 349, 891743
What are the prime factors of 2641117808?
2, 7, 73, 107, 3019
List the prime factors of 31207697.
2663, 11719
What are the prime factors of 103587075?
3, 5, 460387
List the prime factors of 4076525967.
3, 1358841989
List the prime factors of 5405320971.
3, 200197073
What are the prime factors of 32627028?
2, 3, 7, 19, 20443
What are the prime factors of 21110611?
21110611
List the prime factors of 1546032254.
2, 13, 59462779
What are the prime factors of 609051697?
3259, 186883
What are the prime factors of 539058607?
149, 3617843
List the prime factors of 1055051369.
1055051369
List the prime factors of 225889157.
13, 19, 31, 29501
List the prime factors of 69064383.
3, 61, 83, 4547
List the prime factors of 70100326.
2, 35050163
What are the prime factors of 28405236?
2, 3, 401, 5903
What are the prime factors of 226469238?
2, 3, 317, 119069
What are the prime factors of 5930979099?
3, 1307, 1512619
List the prime factors of 144174992.
2, 13, 693149
List the prime factors of 1798801119.
3, 10837, 18443
What are the prime factors of 1730361241?
7, 29, 947, 9001
List the prime factors of 101304190.
2, 5, 13, 17, 23, 1993
What are the prime factors of 907567991?
11, 229, 360289
List the prime factors of 2293084114.
2, 29, 53, 277, 2693
List the prime factors of 75701378.
2, 37850689
What are the prime factors of 81280440?
2, 3, 5, 225779
List the prime factors of 302486573.
2789, 108457
List the prime factors of 2585624404.
2, 11, 947, 62053
List the prime factors of 1138699826.
2, 11, 769, 67307
List the prime factors of 169345861.
169345861
What are the prime factors of 962854089?
3, 19, 3847, 4391
List the prime factors of 80902738.
2, 7, 5778767
List the prime factors of 23660432.
2, 1478777
What are the prime factors of 1176768?
2, 3, 227
List the prime factors of 99380688.
2, 3, 11, 71, 241
What are the prime factors of 2788623588?
2, 3, 232385299
List the prime factors of 391213964.
2, 41, 2385451
List the prime factors of 388619940.
2, 3, 5, 1361, 4759
What are the prime factors of 4114693038?
2, 3, 79, 463, 18749
List the prime factors of 491185824.
2, 3, 31, 165049
List the prime factors of 519575502.
2, 3, 383, 226099
What are the prime factors of 78053445?
3, 5, 89, 19489
List the prime factors of 464935525.
5, 37, 502633
List the prime factors of 837728772.
2, 3, 19, 3674249
List the prime factors of 61046353.
61046353
What are the prime factors of 35867651?
31, 919, 1259
What are the prime factors of 88486916?
2, 7, 3160247
List the prime factors of 129493780.
2, 5, 13, 498053
List the prime factors of 1064475707.
43, 73, 113, 3001
List the prime factors of 46640718.
2, 3, 613, 1409
What are the prime factors of 1093058280?
2, 3, 5, 43, 23537
What are the prime factors of 23081564?
2, 11, 29, 18089
List the prime factors of 3765967614.
2, 3, 61, 1143281
What are the prime factors of 1815373089?
3, 201708121
List the prime factors of 1170446178.
2, 3, 11, 17734033
List the prime factors of 1273298256.
2, 3, 8842349
List the prime factors of 327220696.
2, 11, 3718417
List the prime factors of 213576995.
5, 41, 569, 1831
List the prime factors of 3408335824.
2, 19, 109, 102859
List the prime factors of 85333605.
3, 5, 7, 812701
What are the prime factors of 48925913?
48925913
What are the prime factors of 687857016?
2, 3, 7, 11, 31, 12007
List the prime factors of 60691173.
3, 17, 1190023
What are the prime factors of 72743461?
7, 10391923
What are the prime factors of 757506087?
3, 13, 67, 1193
What are the prime factors of 100377871?
11, 9125261
What are the prime factors of 12679225?
5, 13, 3001
List the prime factors of 50064573.
3, 13, 1283707
What are the prime factors of 300162015?
3, 5, 6670267
List the prime factors of 43082045.
5, 73, 118033
What are the prime factors of 37770032?
2, 1321, 1787
List the prime factors of 1733494168.
2, 7, 349, 12671
What are the prime factors of 768665603?
7309, 105167
What are the prime factors of 52516786?
2, 7, 127, 29537
List the prime factors of 306807105.
3, 5, 11, 401, 4637
What are the prime factors of 777898512?
2, 3, 17, 73, 1451
List the prime factors of 1887657005.
5, 13, 47, 433, 1427
List the prime factors of 3784422429.
3, 101, 4163281
List the prime factors of 63812264.
2, 7976533
What are the prime factors of 4279717163?
57149, 74887
What are the prime factors of 35480814?
2, 3, 1063, 5563
What are the prime factors of 363044726?
2, 11, 67, 71, 3469
List the prime factors of 417858552.
2, 3, 41, 141551
List the prime factors of 96452563.
31, 127, 24499
List the prime factors of 77779174.
2, 11, 43, 82219
What are the prime factors of 99361546?
2, 59, 842047
List the prime factors of 111151127.
111151127
What are the prime factors of 1062163098?
2, 3, 19669687
List the prime factors of 588092140.
2, 5, 29404607
What are the prime factors of 9148251?
3, 7, 62233
What are the prime factors of 110024849?
11, 10002259
List the prime factors of 40683637.
40683637
What are the prime factors of 2536742658?
2, 3, 257, 1645099
List the prime factors of 170082423.
3, 7, 299969
List the prime factors of 27102600.
2, 3, 5, 7, 239
List the prime factors of 1966826633.
1966826633
What are the prime factors of 1108073338?
2, 373, 1485353
List the prime factors of 1453050538.
2, 31, 727, 32237
What are the prime factors of 2368914?
2, 3, 394819
List the prime factors of 674327238.
2, 3, 13, 665017
List the prime factors of 49687914.
2, 3, 8281319
What are the prime factors of 435657637?
1021, 426697
List the prime factors of 51102284.
2, 727, 17573
What are the prime factors of 745978392?
2, 3, 53, 233, 839
List the pri